t r(v) = 5*v + 1. Let j be r(-5). Let a = j - -40. Let b(f) = 3*f**2 - 6*f + 4. Let n be b(2). What is the greatest common factor of a and n?
4
Suppose 151 = -2*q + 145. Let i(d) = 5*d**2 + 2*d - 1. Let k be i(-3). Let g be 1 - 1*(q - k). What is the greatest common divisor of g and 7?
7
Let w = 106 + -105. Let g = 14 + -10. Suppose -g*p = -57 + w. Calculate the highest common factor of 70 and p.
14
Let s(f) = f**2 + 15*f + 50. Let m be s(-4). What is the highest common divisor of 42 and m?
6
Suppose 20*k - 756 = -7*k. Suppose 2*x + 3 - 2 = -d, 5*d + 2*x - 27 = 0. Calculate the highest common divisor of k and d.
7
Suppose -5*s = -2*a + 41, -3*a + 0*a = -2*s - 34. Let l = 17 + -5. Let g be (-74)/(-6) + a/l. What is the greatest common factor of g and 52?
13
Let m = 2386 + -1486. What is the highest common factor of m and 135?
45
Suppose -3*n + 1052 = -g + 6*g, 5*g = 4*n + 1024. What is the highest common divisor of 78 and g?
26
Let l be (-6)/4*140/42. Let r = 9 + l. What is the greatest common factor of r and 20?
4
Suppose -5*s - 24 = s. Let c be 2/(s - 84/(-20)). Suppose 1 - c = -a. Calculate the greatest common divisor of a and 27.
9
Let x(d) = 2*d**2 + 13*d + 24. Let c be x(-4). Let a = 5 - 3. Calculate the greatest common factor of c and a.
2
Let m(u) = -4*u**3 - 3*u**2 + 18*u + 34. Let g be m(-6). Let t(k) = 11*k + 7. Let o be t(5). What is the highest common divisor of g and o?
62
Suppose 3*h - h + 46 = 0. Let i = h - -26. Calculate the greatest common divisor of 24 and i.
3
Let p(f) = 2*f**2 + 4*f + 18. Let q be p(5). Let v be -1*(0 + -1) + 4. Suppose v*y - q = y. Calculate the greatest common factor of 33 and y.
11
Suppose -2 - 2 = b. Let c(o) = o**3 + 5*o**2 - 6*o - 10. Let j be c(b). Let v = j + -16. Calculate the greatest common divisor of v and 154.
14
Let w(o) = 17*o + 3. Let f be w(3). Let m = 875 + -857. Calculate the highest common factor of f and m.
18
Let i = -24 - -32. Let f = 14 + i. Suppose 4*w = -5*u + 169, -102 = -3*u - w - 2*w. Calculate the highest common divisor of u and f.
11
Let h(y) = 2*y**2 + 9*y - 6. Let o be h(6). Let u be (6 + -1)*((-36)/30)/(8/(-20)). Calculate the greatest common factor of u and o.
15
Let p(n) be the third derivative of 12*n**2 + 0*n - 1/24*n**4 + 13/60*n**5 + 0 + 1/3*n**3. Let k be p(1). What is the highest common factor of k and 154?
14
Let w = -31 - -17. Let f be (2 + 2)*(-9)/(-2). Let k = f + w. What is the greatest common factor of k and 10?
2
Let t(h) = 187*h**2 + 2*h - 1. Let a be t(-1). What is the greatest common divisor of 69 and a?
23
Let f(m) be the third derivative of -m**5/20 - 3*m**4/8 - m**3/3 - 10*m**2. Let c be f(-2). Calculate the greatest common factor of c and 10.
2
Suppose -3*a = -89 - 583. Let y be (-3)/((-21)/a*(-2)/(-5)). What is the greatest common divisor of 20 and y?
20
Suppose 113*i - 109*i = 252. What is the highest common divisor of 133 and i?
7
Let y(z) = -2*z**2 - 6*z + 2. Let r be y(-6). Let a = 90 + r. Calculate the highest common divisor of a and 14.
14
Suppose -5*t - 5*k = -130, -28*t = -32*t - 5*k + 102. Let s(r) = 10*r + 1. Let i be s(2). What is the highest common factor of i and t?
7
Let s(z) = z**2 + 11*z + 13. Let r be s(-12). Let o = r + -21. Suppose 91 = o*h - 13. What is the highest common divisor of 65 and h?
13
Let x = 136 - -107. Suppose -4*g - 35 = -x. What is the highest common divisor of g and 13?
13
Let x(p) = 27*p**2 - 30*p + 28. Let c be x(1). What is the greatest common factor of c and 775?
25
Let x = -76 + 256. What is the highest common factor of x and 18?
18
Let i = 34 + -36. Let h be 1/i + (-310)/(-4). What is the highest common divisor of h and 7?
7
Let v(x) = -1 + 2 + 2 + x + x**2. Let w be v(0). Let m(r) = r**3 - r**2 + 2*r + 4. Let b be m(w). What is the highest common divisor of b and 14?
14
Let z be ((-1)/3)/((-10)/810). Let f be (-121)/(-2) + z/18. Suppose -t = -2*w + 111, 0 = -w + 5*t + f - 11. What is the highest common factor of 14 and w?
14
Let c = 59 - 24. Suppose 37 = 4*t - c. Calculate the highest common factor of 12 and t.
6
Suppose -3*y + 130 = g, 0 = 3*y - g - 45 - 89. What is the highest common factor of y and 4?
4
Suppose 5*z + 24 = 11*z. Suppose z*c + 2*k = 126, 15 = -0*k - 5*k. Calculate the greatest common factor of c and 231.
33
Let r(t) be the second derivative of t**5/20 - t**4/12 - t**3/2 - 3*t. Let u = 3 + 0. Let i be r(u). Calculate the greatest common divisor of 99 and i.
9
Suppose -7*x + 11*x = 84. Suppose -38 = -5*r - 2*p, -2 + x = 3*r + 5*p. Calculate the highest common divisor of r and 56.
8
Suppose 0 = 173*w - 176*w + 33. Calculate the highest common divisor of w and 187.
11
Let k(y) = -6*y - 31. Let c be k(-6). What is the greatest common divisor of c and 245?
5
Suppose -4*d + 5*m - 7 = 0, -m = -4*d - 0*m + 5. Suppose -a - 2*y + 194 = d*y, 5*a + 5*y = 895. Calculate the highest common divisor of 29 and a.
29
Let z = 26 + -26. Suppose 5*v + 3*y + 1048 = 0, -4*v + z*y - 840 = 2*y. Let w be 6/(-15) - v/5. Calculate the greatest common factor of 6 and w.
6
Let j(m) = -2*m + 10. Let x be j(4). Let g be 1/(x*3/138). Calculate the greatest common factor of 23 and g.
23
Let v be -4 + 1 - (-3)/12*244. What is the highest common factor of 609 and v?
29
Let o = -1368 - -1598. Calculate the highest common factor of 50 and o.
10
Let s be 6/4 + (-4)/8. Let i be (s - -4) + -9 + 19. What is the highest common factor of 45 and i?
15
Suppose -2*a + 5*q + 31 = 0, 2*a - 3*q - 83 = -2*a. Suppose 1162 + 1772 = 154*p - 4150. What is the highest common factor of a and p?
23
Let g be ((-16)/12)/((-8)/18). Suppose -z + g = -2. Let k = 10 + z. What is the greatest common factor of 60 and k?
15
Let z be (3/(-5))/((-4)/140). Let p = z + -14. Let c be 98/4 + p/(-14). What is the highest common factor of 6 and c?
6
Let v be (56/14)/((-12)/(-75)). Let r = 198 + -23. Calculate the greatest common factor of v and r.
25
Let y = 504 - 242. Suppose 0 = -3*h + 4*b + 421, 0*h = 2*h + 2*b - y. What is the highest common factor of h and 27?
27
Suppose -p = t - 5, -2*p + 8 - 4 = 0. Suppose 4*n + 240 = 3*c, 2*c + 1 = t*n + 161. Calculate the greatest common factor of 10 and c.
10
Let u be (-21)/6*(-2)/7. Let f be u/((-69)/36 - -2). What is the greatest common divisor of f and 24?
12
Let z be 30/(-5)*(2 + -17). Suppose 0 = -5*n - 3*l + 62, -3*n - 5*l + 4 = -46. Calculate the greatest common factor of n and z.
10
Let u(d) = -d**2 - 23*d + 62. Let i be u(-18). What is the highest common divisor of i and 24?
8
Let h be 1 + -1 - (-10 + 6). Suppose -h*i + 11 - 3 = 0. Let j = 6 - 1. Calculate the highest common divisor of j and i.
1
Suppose 14*t = 12*t + 116. Suppose 10 = a + 3*y, -3*a - y + t = y. Calculate the highest common factor of a and 22.
22
Suppose -19*g = 20*g - 546. Suppose 0 = -0*k + 5*k - 770. What is the greatest common divisor of k and g?
14
Let q(z) = z**2 + 14*z - 26. Let v be q(12). Calculate the highest common divisor of 22 and v.
22
Let r be (-12)/20 + (-68)/20 - -32. Let n be (-12)/42 - (-3174)/(-14). Let p be -1 - (0 + 2 + n). Calculate the greatest common factor of r and p.
28
Suppose 11*k + 3*x = 9*k + 63, 3*x + 57 = 3*k. What is the greatest common divisor of k and 84?
12
Let y be -9*(-130)/12*2*1. Calculate the highest common divisor of y and 15.
15
Suppose -2*k + 5*x - 155 = -7*k, 6 = 3*x. Suppose -9*h + 116 = -928. What is the greatest common factor of h and k?
29
Let u = 100 - 187. Let s be u/4 - 6/24. Let q be 31/3 - s/33. What is the highest common factor of q and 121?
11
Let j(o) = -1029*o**3 - o**2 - 5*o - 5. Let d be j(-1). What is the greatest common divisor of 4 and d?
4
Let h(t) = 17*t**3 - t**2 - t + 1. Let u be h(1). Let s(r) = -r**2 - 36*r + 13. Let m be s(-33). Calculate the greatest common divisor of u and m.
16
Let t = -51 + 40. Let a = 143 - t. What is the highest common factor of 14 and a?
14
Let k(m) = 61*m + 108. Let d be k(4). Calculate the highest common divisor of 22 and d.
22
Let z be 17 - 3/6*2. Let g = 33 - z. Suppose 15*c - g*c + 12 = 0. What is the highest common factor of c and 42?
6
Let x = -106 - -101. Let z be (-12)/18 - x*(-22)/(-3). Let o = 92 + -2. What is the highest common factor of o and z?
18
Suppose 0 = -5*x + 197 + 408. Let c = x - 44. Calculate the highest common factor of c a